he highest common factor of 36 and k.
12
Let d(u) = -50*u + 65. Let c(y) = y - 1. Let l(t) = -110*c(t) - 2*d(t). Let m be l(-12). Calculate the highest common divisor of 20 and m.
20
Let c = -1097 - -453. Let z = c + 923. Let a be 4/(-10) + 471/15. What is the highest common divisor of a and z?
31
Suppose -2*m + 28 = -m. Suppose 0 = 5*s + 5*t + 55, 0*t + 42 = -4*s - 2*t. Let w(c) = -23*c - 6. Let k be w(s). Calculate the highest common divisor of m and k.
28
Suppose 18 = -4*y - 2*c, 3 + 0 = y - c. Let v(p) = 10*p**3 - p**2 + 2. Let j be v(y). Let w = -52 - j. What is the highest common factor of 12 and w?
6
Let i = 154 + -95. Let p = -19 + i. Calculate the greatest common factor of 20 and p.
20
Suppose -5*t - 1575 = -1725. Let n be (-14)/(-1) + 1 + -3. Calculate the highest common divisor of n and t.
6
Suppose -955*y + 961*y - 1596 = 0. What is the greatest common factor of y and 304?
38
Let j be (-430)/(-43) - -10*32. Calculate the greatest common factor of 75 and j.
15
Suppose 7 - 73 = -3*l. Suppose j = i + l, -2*j - 88 = -6*j + i. Let g = 72 - j. Calculate the greatest common divisor of g and 20.
10
Suppose 15 = -3*n, -2*n + 1646 = y - 96. Calculate the highest common factor of 24 and y.
24
Suppose 0 = 63*f - 59*f - 896. What is the highest common divisor of f and 14?
14
Let a = -6 + 54. Calculate the greatest common factor of 528 and a.
48
Let f = -26 - -150. Let i = 58 - 57. Let j be i/(16/(-124))*2*-2. What is the greatest common divisor of j and f?
31
Let g = 222 - 192. What is the highest common divisor of 165 and g?
15
Let g = -98 - -197. Let c = 28 + -23. Suppose -c*m + 132 = -m. Calculate the highest common factor of g and m.
33
Let h(k) = 7*k**3 - 2*k**2 + k. Let q be h(1). Suppose 0 = q*b + b - 1680. Calculate the greatest common factor of b and 30.
30
Let d be 0 + -4 + 4 + 4. Suppose v = 3*x - 528, v + d*x - 1579 = 4*v. Let y be (0 + -1)/(5/v). Calculate the greatest common divisor of 15 and y.
15
Let l be ((-2 - -5) + -1)*2*1. Suppose 3*i + 0*q - 5*q - 46 = 0, l*q = 4*i - 72. Calculate the greatest common divisor of i and 88.
22
Let y be (12/(-12))/((-2)/(-28)). Let v = y + 6. Let j(h) = -h**2 - 11*h - 10. Let w be j(v). Calculate the highest common divisor of 70 and w.
14
Let u be 45/(-2)*16/(-12)*2. Let q = -9 - -49. Calculate the greatest common factor of q and u.
20
Suppose 21*i - 18*i = 5*h + 17, 10 = 2*i - 2*h. Let x = 39 + -27. Calculate the greatest common factor of i and x.
4
Suppose -4*a = g - 11, 5*g - 7 - 2 = 3*a. Suppose 1000 = a*b + 3*b. Let j = 332 - b. Calculate the highest common factor of 12 and j.
12
Let d = -17 + 25. Let b = -12 - -20. What is the greatest common divisor of b and d?
8
Let h(c) = -3*c**2 - 62*c + 51. Let b be h(-21). What is the greatest common factor of 75 and b?
15
Suppose 0*i - i + 4*z = -20, -4*z + 44 = 3*i. Let o be (-100)/(-30) - 2/(-3). Calculate the highest common divisor of o and i.
4
Suppose 2*f - 1224 = -4*f. Let t be (-2)/10 + f/20. What is the highest common divisor of t and 90?
10
Let q(y) = 4*y**3 + y. Let p be q(1). Suppose -4*l + 92 + 128 = 0. Calculate the greatest common factor of p and l.
5
Let d(v) = 3*v**3 + 4*v**2 - 25*v + 46. Let x be d(5). What is the highest common factor of 36 and x?
36
Let v(w) = w**3 + w. Let p be v(2). Let h be 157 + (4/6 - 21/(-9)). Calculate the highest common factor of h and p.
10
Suppose -5*v - 3*j - 5 = -17, -14 = -5*v - j. Suppose 53 = -5*a + 7*a - 3*u, -a + 31 = -v*u. What is the greatest common divisor of a and 143?
11
Suppose k + 4*p - 3 = 0, -3*k + 15 = 2*k + 3*p. Suppose 5*o + 0*o + 30 = 4*f, 3*f = k*o + 24. What is the greatest common divisor of f and 10?
10
Suppose -3*q = -2*q + 2. Let c(g) = -62*g - 3. Let p be c(q). Calculate the highest common factor of p and 11.
11
Let s be (3/(-5))/((-2)/10). Let u = -39 - -5. Let q = u + 49. Calculate the greatest common factor of q and s.
3
Let u be 24/(3 - 20/8). Suppose 477 = 4*w - l, 2*w = -w - 4*l + 372. What is the highest common divisor of w and u?
24
Suppose 18*g = 6*g + 684. Calculate the greatest common factor of 76 and g.
19
Let u(d) = -4*d + 102. Let j be u(15). Calculate the greatest common factor of j and 231.
21
Suppose -10*a + 14*a - 4*i - 132 = 0, a - 5*i - 53 = 0. What is the highest common divisor of a and 644?
28
Suppose -5*l = -4*x + 39, 0*x - x - 3*l - 3 = 0. Calculate the greatest common factor of x and 78.
6
Let g be 1152/(-2)*(-6)/(-2 - -8). What is the highest common divisor of g and 448?
64
Let p be (-1 - 1)*531/(-18). Calculate the greatest common divisor of 295 and p.
59
Suppose -58 = 6*h - 274. Let s be 20/(-12)*3 + 59. Calculate the highest common divisor of h and s.
18
Suppose g = 5*x + 6*g - 710, 2*x + 5*g = 296. Calculate the highest common divisor of x and 6.
6
Let a be ((-11)/(-21) + 18/54)*-70. Let i be (17/((-85)/a))/(1/1). Calculate the highest common divisor of 48 and i.
12
Let f be 117/5 - (-18)/30. Let s = 22 - f. Let d be 2 - s/(-1) - -14. What is the greatest common factor of d and 126?
14
Suppose 6*a - 16 = 10*a. Let m be (28/3)/(a + 28/6). Calculate the highest common divisor of m and 70.
14
Let q be ((-1326)/52)/((-6)/40). What is the highest common factor of q and 30?
10
Let c be -4 + 1 - (-3498)/22. What is the greatest common divisor of c and 702?
78
Let u = 13 + 52. Suppose -6*q + u = -q. Suppose 2*z + 2*j = 20, -3*z + 3*j = -j - 51. What is the highest common divisor of q and z?
13
Let a(t) = -6*t + 282. Let w be a(26). Calculate the greatest common divisor of w and 378.
126
Suppose -5*z + f + 432 = -482, -3*f + 534 = 3*z. What is the highest common divisor of z and 42?
14
Suppose 3*i = -3*r + 6 + 12, -5*r + 16 = -2*i. What is the greatest common factor of 42 and r?
2
Let c be 1*(-144)/(-20)*(-10)/(-3). What is the greatest common factor of c and 120?
24
Suppose -5*m + 4*m + 203 = 3*s, 5*s - 341 = -m. Calculate the greatest common divisor of s and 161.
23
Let n be 3/(-12) + ((-65)/4)/(-5). Suppose b + 2*q = 3 + n, 0 = -2*b - 3*q + 12. What is the highest common factor of b and 54?
6
Suppose -259 = -4*b + y, 2*b - 4*y = -6*y + 142. Let t be (-12)/b - (-136)/22. What is the greatest common divisor of 42 and t?
6
Let i be (53 + 5463)/(2 - 0). What is the highest common divisor of i and 14?
14
Suppose 87*d - 28 = 83*d. Calculate the highest common divisor of d and 497.
7
Suppose 70*h - 38726 = 8524. Calculate the greatest common divisor of h and 50.
25
Suppose 111 = -4*q + 31. Let h = 31 + q. What is the greatest common factor of h and 176?
11
Suppose -2*v = -5*u + 505, -258 + 75 = -2*u - 3*v. Suppose 5*k - 8*k + 33 = 0. Calculate the greatest common divisor of k and u.
11
Suppose 2160 = 5*x - x. Suppose 2*k = 8*k - x. Calculate the greatest common divisor of k and 10.
10
Suppose r - 140 = -4*u, -272 = -2*r - u - 3*u. Let f = r - 115. What is the highest common divisor of 153 and f?
17
Suppose -363 = 17*u - 7656. What is the greatest common divisor of 78 and u?
39
Suppose 2*k - 5*p - 195 = 0, 5*p - 1 - 4 = 0. What is the greatest common factor of 8 and k?
4
Let r be (-9)/7 + (-4)/(-14). Let z be 11 + 3 + (-2)/r. Let l = -556 + 596. What is the highest common factor of z and l?
8
Let n(o) = 3*o**2 + o - 15. Let v be n(-4). Calculate the greatest common factor of v and 377.
29
Let p(g) = g + 5. Let c(v) = -1. Let m(h) = 6*c(h) + p(h). Let t be m(7). Calculate the greatest common factor of 30 and t.
6
Let m = -13 - -23. Let i be 1/(5/3) + 2142/(-45). Let o = 77 + i. What is the greatest common factor of m and o?
10
Suppose 5 = 4*t + 3*f, f + 4*f = -5. Suppose 0 = t*p - p - 30. What is the highest common divisor of 3 and p?
3
Suppose 9*r - 18 = 3*r. Suppose -r*t - 3 + 12 = 0. Let l(q) = 11*q**3 + 2*q - 1. Let g be l(1). Calculate the greatest common factor of g and t.
3
Let t(r) = -90*r + 62. Let p be t(-5). Calculate the highest common factor of p and 32.
32
Let d be 496/48 + 2/3. Let h be (10/30)/(1/33). What is the greatest common factor of h and d?
11
Suppose v + 8*l - 7*l = -3, -3*v + 7 = -l. Calculate the highest common divisor of v and 1.
1
Let m = 341 + -234. Suppose 5*v - m = -4*l, -5*v + 46 = 2*l - v. Suppose -2*i + l = 1. What is the highest common factor of 40 and i?
8
Let g = 23 + -19. Let w(b) = -b + 4. Let j = -4 + 4. Let k be w(j).